what is -107733327 - 2?
-107733329
In base 3, what is 201120000201221 - -100?
201120000202021
In base 5, what is -1141310 - -12430?
-1123330
In base 5, what is 122020442 - -3?
122021000
In base 3, what is 2020020002 + -21122122?
1221120110
In base 14, what is c91956 + -13?
c91943
In base 9, what is 560015 + -353?
558552
In base 14, what is 7473 - -204?
7677
In base 3, what is -10120011 + 221011?
-2122000
In base 13, what is -6824c - 27?
-68276
In base 9, what is -3711870873 - -3?
-3711870870
In base 8, what is -56 + -17004331?
-17004407
In base 12, what is 5 - 908960?
-908957
In base 6, what is -313324330 + 1?
-313324325
In base 11, what is 4842091 - -32?
4842113
In base 6, what is -45403353 + -23?
-45403420
In base 3, what is -10 + 2122022100021200?
2122022100021120
In base 15, what is da4 + -2965?
-1ab1
In base 14, what is -4 - d6741b?
-d67421
In base 11, what is -7 - 13057a1?
-13057a8
In base 8, what is -3376742 + 1?
-3376741
In base 15, what is 12 + -2bc843?
-2bc831
In base 9, what is 11 - 456286?
-456275
In base 3, what is 1221001011 - 100221?
1220200020
In base 10, what is 631722 - -49?
631771
In base 3, what is -10100011102 - -1110012?
-10021201020
In base 5, what is 4004111 + -144?
4003412
In base 9, what is 416 - 5651?
-5234
In base 10, what is 0 - 36118?
-36118
In base 16, what is 7 + 28c83b6?
28c83bd
In base 6, what is 133 + -142411033?
-142410500
In base 13, what is -411310c - 5?
-4113114
In base 7, what is -436 - -1011023?
1010254
In base 8, what is 360423165 - 1?
360423164
In base 3, what is -202101210 + 1022012002?
112210022
In base 16, what is -6 + -c4fdf?
-c4fe5
In base 9, what is 2457 - 10740?
-7272
In base 7, what is 1106 - -1356410?
1360516
In base 16, what is -3df - -7a74?
7695
In base 6, what is 11531054 - 41?
11531013
In base 3, what is -10212210 - -12210?
-10200000
In base 6, what is -5135000 + -535?
-5135535
In base 3, what is 1121012010 - 121002?
1120121001
In base 11, what is -3 - 60543199?
-605431a1
In base 5, what is -22312 + 303144?
230332
In base 8, what is -1117 + 33420?
32301
In base 10, what is 62580 + -16991?
45589
In base 15, what is 16b8eb23 - -3?
16b8eb26
In base 8, what is 116776 + -454?
116322
In base 12, what is -3 - -417505?
417502
In base 7, what is 1312061 - 1?
1312060
In base 2, what is 101011 + 111000000010111001001?
111000000010111110100
In base 15, what is 3423 - -637?
3a5a
In base 14, what is 2c - -9a9bb5?
9a9c03
In base 4, what is 1 + 1230132231302?
1230132231303
In base 2, what is -11001101100101 + 111101100?
-11000101111001
In base 4, what is -10 + -11222110330?
-11222111000
In base 7, what is 1140640 - 220?
1140420
In base 9, what is 4814 + 72705?
77620
In base 15, what is 27d3 + 5a?
283d
In base 16, what is -a5 + -e8bf8?
-e8c9d
In base 16, what is 5fda - -14af?
7489
In base 5, what is -42440312043 - -10?
-42440312033
In base 6, what is -110333 + -21252?
-132025
In base 10, what is -517097 + -15?
-517112
In base 7, what is -26 - 21012164?
-21012223
In base 6, what is 5 + -14150323?
-14150314
In base 3, what is 1002110012 + 100100201?
1102210220
In base 6, what is -5 - 204411032?
-204411041
In base 16, what is 58e5d9e - -4?
58e5da2
In base 16, what is 37dd9 + 39?
37e12
In base 13, what is 251 + -16b761?
-16b510
In base 13, what is 6807a + 9?
68086
In base 9, what is -5 - 6248704?
-6248710
In base 3, what is -21000222 + -1000010001?
-1021011000
In base 13, what is -11 + 69b7a3?
69b792
In base 10, what is 65324 + 108?
65432
In base 16, what is 3a6a4 - 3a?
3a66a
In base 4, what is -1001220 - -3122021?
2120201
In base 12, what is -88061 - 47?
-880a8
In base 13, what is -8072b74 + 2?
-8072b72
In base 11, what is -1a + -84327?
-84346
In base 9, what is -5 - -64026066?
64026061
In base 6, what is -2130551 + -5140?
-2140131
In base 9, what is 1 + -72182635?
-72182634
In base 15, what is -9d6e - -9d2?
-938c
In base 7, what is -5261330 - 33?
-5261363
In base 6, what is 41255201 - -31?
41255232
In base 2, what is 10 - -1010100001101000000000?
1010100001101000000010
In base 3, what is -1221110200011202 + -120?
-1221110200012022
In base 9, what is 5541420 - 6?
5541413
In base 10, what is 1006 + -641841?
-640835
In base 14, what is 2a1 - 45b0d?
-4584c
In base 12, what is 15410b74 + 4?
15410b78
In base 8, what is 1113 - -2004?
3117
In base 6, what is -1310 - -22432120?
22430410
In base 12, what is a0 + -27b43b?
-27b35b
In base 11, what is 22813 + 8a3?
23606
In base 10, what is 386 + -26398?
-26012
In base 10, what is -11 + -1556754?
-1556765
In base 4, what is 11 - -222220123213?
222220123230
In base 3, what is -1120211 - 1010200?
-2201111
In base 12, what is 1b35208 - 0?
1b35208
In base 4, what is -20110331 + 3010?
-20101321
In base 2, what is -10001101100100 + -1111111100111?
-100001101001011
In base 16, what is -133aea - -b?
-133adf
In base 16, what is -1 + 176b4?
176b3
In base 16, what is -1 + -fd9d45?
-fd9d46
In base 2, what is -110101011110010010010011010 - 10?
-110101011110010010010011100
In base 16, what is -46 - -1c1a9?
1c163
In base 9, what is -434718 + 8?
-434710
In base 11, what is -241221 - 19?
-24123a
In base 8, what is 55542035 - 3?
55542032
In base 6, what is -10 - -34324525?
34324515
In base 11, what is -2623752 - -83?
-262367a
In base 15, what is 65 + -140bb?
-14056
In base 3, what is 2202112212 - -2122112?
2212012101
In base 14, what is 4532942 + -3?
453293d
In base 8, what is 202637 + 76?
202735
In base 14, what is 20b6c1a + 8?
20b6c24
In base 12, what is 9aa0a25 - -25?
9aa0a4a
In base 6, what is -5311 + 13302?
3551
In base 8, what is -17660 + -35726?
-55606
In base 10, what is 2025699 + -4?
2025695
In base 2, what is -1011110 - 110101101100111001?
-110101101110010111
In base 8, what is 4 - -4477053?
4477057
In base 11, what is 10909 - 666?
10253
In base 5, what is -40221234 + 122?
-40221112
In base 6, what is 305020 + 14442?
323502
In base 9, what is 110 - -12176?
12286
In base 11, what is 1 + 36103?
36104
In base 4, what is -100000221 - 113?
-100001000
In base 6, what is 11221 - 15410?
-4145
In base 14, what is 3 + 137258c2?
137258c5
In base 10, what is -49175 + 13?
-49162
In base 13, what is 290c325 - -2?
290c327
In base 13, what is 1b - 18838?
-1881a
In base 4, what is -213332101201 + 10?
-213332101131
In base 3, what is 2122 + 112201212?
112211111
In base 9, what is -424110728 - 4?
-424110733
In base 16, what is -f6fa749 + 0?
-f6fa749
In base 12, what is -3a8 + -593a87?
-594273
In base 8, what is 63 + -25056?
-24773
In base 9, what is -14845 - -3813?
-11032
In base 7, what is 2033122 + 54?
2033206
In base 2, what is -10 - -1100000010111100101110001?
1100000010111100101101111
In base 11, what is 190847296 - -3?
190847299
In base 16, what is 4dd5a62 + -3?
4dd5a5f
In base 9, what is 117730880 + -4?
117730875
In base 6, what is 10455210 - -23?
10455233
In base 14, what is -1474 - 1773?
-2c07
In base 3, what is 111222220021101021 + -11?
111222220021101010
In base 5, what is 100311 - 143?
100113
In base 7, what is 130366336 - -3?
130366342
In base 4, what is -2321233200121 + -3?
-2321233200130
In base 7, what is 363 - -463465?
464161
In base 6, what is -2103510451 + 0?
-2103510451
In base 7, what is 606330 - 5332?
600665
In base 14, what is 1c2c8dd + -4?
1c2c8d9
In base 5, what is -1 - 44333322433?
-44333322434
In base 3, what is -111221021022110 - -2?
-111221021022101
In base 14, what is -15 - -6a168?
6a153
In base 2, what is 111110001001101000111111 + 101?
111110001001101001000100
In base 3, what is 2202011010 + 1101?
2202012111
In base 9, what is 1243 + -25341?
-24087
In base 3, what is 100202000 + -1010010?
22121220
In base 6, what is 51020142 - -200?
51020342
In base 16, what is -7e19 - -b66?
-72b3
In base 15, what is 1b2431 + 86?
1b24b7
In base 6, what is -44 - 14101541?
-14102025
In base 7, what is 110006130 - 402?
110005425
In base 10, what is 905 - 149479?
-148574
In base 2, what is 1000101 - -11000100111110010110010?
11000100111110011110111
In base 16, what is -9f802 + 5d?
-9f7a5
In base 3, what is 12101020210001101 + -11?
12101020210001020
In base 11, what is -a0659 - -98?
-a0571
In base 11, what is -3 - -1a86309?
1a86306
In base 5, what is -24341 + -101014?
-130410
In base 11, what is 321 - -31627?
31948
In base 16, what is 84e + -5ca0?
-5452
In base 3, what is -101122020